{"version":"1.0","provider_name":"Danielle Spera","provider_url":"https:\/\/www.daniellespera.at\/en","title":"Danielle Spera - 25 Jahre NU im M\u00f6belmuseum","type":"rich","width":600,"height":338,"html":"<blockquote class=\"wp-embedded-content\" data-secret=\"w5h04wMtsw\"><a href=\"https:\/\/www.daniellespera.at\/en\/25-jahre-nu-im-mobelmuseum\/\">25 Jahre NU im M\u00f6belmuseum<\/a><\/blockquote><iframe sandbox=\"allow-scripts\" security=\"restricted\" src=\"https:\/\/www.daniellespera.at\/en\/25-jahre-nu-im-mobelmuseum\/embed\/#?secret=w5h04wMtsw\" width=\"600\" height=\"338\" title=\"&#8220;25 Jahre NU im M\u00f6belmuseum&#8221; &#8212; Danielle Spera\" data-secret=\"w5h04wMtsw\" frameborder=\"0\" marginwidth=\"0\" marginheight=\"0\" scrolling=\"no\" class=\"wp-embedded-content\"><\/iframe><script>\n\/*! This file is auto-generated *\/\n!function(d,l){\"use strict\";l.querySelector&&d.addEventListener&&\"undefined\"!=typeof URL&&(d.wp=d.wp||{},d.wp.receiveEmbedMessage||(d.wp.receiveEmbedMessage=function(e){var t=e.data;if((t||t.secret||t.message||t.value)&&!\/[^a-zA-Z0-9]\/.test(t.secret)){for(var s,r,n,a=l.querySelectorAll('iframe[data-secret=\"'+t.secret+'\"]'),o=l.querySelectorAll('blockquote[data-secret=\"'+t.secret+'\"]'),c=new RegExp(\"^https?:$\",\"i\"),i=0;i<o.length;i++)o[i].style.display=\"none\";for(i=0;i<a.length;i++)s=a[i],e.source===s.contentWindow&&(s.removeAttribute(\"style\"),\"height\"===t.message?(1e3<(r=parseInt(t.value,10))?r=1e3:~~r<200&&(r=200),s.height=r):\"link\"===t.message&&(r=new URL(s.getAttribute(\"src\")),n=new URL(t.value),c.test(n.protocol))&&n.host===r.host&&l.activeElement===s&&(d.top.location.href=t.value))}},d.addEventListener(\"message\",d.wp.receiveEmbedMessage,!1),l.addEventListener(\"DOMContentLoaded\",function(){for(var e,t,s=l.querySelectorAll(\"iframe.wp-embedded-content\"),r=0;r<s.length;r++)(t=(e=s[r]).getAttribute(\"data-secret\"))||(t=Math.random().toString(36).substring(2,12),e.src+=\"#?secret=\"+t,e.setAttribute(\"data-secret\",t)),e.contentWindow.postMessage({message:\"ready\",secret:t},\"*\")},!1)))}(window,document);\n\/\/# sourceURL=https:\/\/www.daniellespera.at\/wp-includes\/js\/wp-embed.min.js\n<\/script>","thumbnail_url":"https:\/\/www.daniellespera.at\/wp-content\/uploads\/2025\/07\/135_20250625_Nu-25JBV1A5468_FINALS_HR-scaled.jpg","thumbnail_width":2560,"thumbnail_height":1707,"description":"Im Rahmen des 25-j\u00e4hrigen Jubil\u00e4ums von NU fand am 24. Juni 2025 im M\u00f6belmuseum Wien ein besonderer Abend unter dem Titel \u201eJ\u00fcdisches Leben in Wien\u201c statt. Zentraler Bestandteil des Abends war die Pr\u00e4sentation des 100. Magazins von NU. Festrednerin war Mirna Funk (Lesen Sie hier die Rede von Mirna Funk in voller L\u00e4nge). Ausgew\u00e4hlte Fotografien [&hellip;]"}

Danielle Spera - 25 Jahre NU im Möbelmuseum

<blockquote class="wp-embedded-content" data-secret="w5h04wMtsw"><a href="https://www.daniellespera.at/en/25-jahre-nu-im-mobelmuseum/">25 Jahre NU im Möbelmuseum</a></blockquote><iframe sandbox="allow-scripts" security="restricted" src="https://www.daniellespera.at/en/25-jahre-nu-im-mobelmuseum/embed/#?secret=w5h04wMtsw" width="600" height="338" title="&#8220;25 Jahre NU im Möbelmuseum&#8221; &#8212; Danielle Spera" data-secret="w5h04wMtsw" frameborder="0" marginwidth="0" marginheight="0" scrolling="no" class="wp-embedded-content"></iframe><script>
/*! This file is auto-generated */
!function(d,l){"use strict";l.querySelector&&d.addEventListener&&"undefined"!=typeof URL&&(d.wp=d.wp||{},d.wp.receiveEmbedMessage||(d.wp.receiveEmbedMessage=function(e){var t=e.data;if((t||t.secret||t.message||t.value)&&!/[^a-zA-Z0-9]/.test(t.secret)){for(var s,r,n,a=l.querySelectorAll('iframe[data-secret="'+t.secret+'"]'),o=l.querySelectorAll('blockquote[data-secret="'+t.secret+'"]'),c=new RegExp("^https?:$","i"),i=0;i<o.length;i++)o[i].style.display="none";for(i=0;i<a.length;i++)s=a[i],e.source===s.contentWindow&&(s.removeAttribute("style"),"height"===t.message?(1e3<(r=parseInt(t.value,10))?r=1e3:~~r<200&&(r=200),s.height=r):"link"===t.message&&(r=new URL(s.getAttribute("src")),n=new URL(t.value),c.test(n.protocol))&&n.host===r.host&&l.activeElement===s&&(d.top.location.href=t.value))}},d.addEventListener("message",d.wp.receiveEmbedMessage,!1),l.addEventListener("DOMContentLoaded",function(){for(var e,t,s=l.querySelectorAll("iframe.wp-embedded-content"),r=0;r<s.length;r++)(t=(e=s[r]).getAttribute("data-secret"))||(t=Math.random().toString(36).substring(2,12),e.src+="#?secret="+t,e.setAttribute("data-secret",t)),e.contentWindow.postMessage({message:"ready",secret:t},"*")},!1)))}(window,document);
//# sourceURL=https://www.daniellespera.at/wp-includes/js/wp-embed.min.js
</script>

Im Rahmen des 25-jährigen Jubiläums von NU fand am 24. Juni 2025 im Möbelmuseum Wien ein besonderer Abend unter dem Titel „Jüdisches Leben in Wien“ statt. Zentraler Bestandteil des Abends war die Präsentation des 100. Magazins von NU. Festrednerin war Mirna Funk (Lesen Sie hier die Rede von Mirna Funk in voller Länge). Ausgewählte Fotografien [&hellip;]
