{"version":"1.0","provider_name":"Danielle Spera","provider_url":"https:\/\/www.daniellespera.at\/en","title":"Danielle Spera - Aufzeichnung Barbara Karlich Buchklub","type":"rich","width":600,"height":338,"html":"<blockquote class=\"wp-embedded-content\" data-secret=\"RpSk72mKJw\"><a href=\"https:\/\/www.daniellespera.at\/en\/barbara-karlich-buchklub\/\">Recording Barbara Karlich Book Club<\/a><\/blockquote><iframe sandbox=\"allow-scripts\" security=\"restricted\" src=\"https:\/\/www.daniellespera.at\/en\/barbara-karlich-buchklub\/embed\/#?secret=RpSk72mKJw\" width=\"600\" height=\"338\" title=\"&#8220;Aufzeichnung Barbara Karlich Buchklub&#8221; &#8212; Danielle Spera\" data-secret=\"RpSk72mKJw\" frameborder=\"0\" marginwidth=\"0\" marginheight=\"0\" scrolling=\"no\" class=\"wp-embedded-content\"><\/iframe><script>\n\/*! This file is auto-generated *\/\n!function(d,l){\"use strict\";l.querySelector&&d.addEventListener&&\"undefined\"!=typeof URL&&(d.wp=d.wp||{},d.wp.receiveEmbedMessage||(d.wp.receiveEmbedMessage=function(e){var t=e.data;if((t||t.secret||t.message||t.value)&&!\/[^a-zA-Z0-9]\/.test(t.secret)){for(var s,r,n,a=l.querySelectorAll('iframe[data-secret=\"'+t.secret+'\"]'),o=l.querySelectorAll('blockquote[data-secret=\"'+t.secret+'\"]'),c=new RegExp(\"^https?:$\",\"i\"),i=0;i<o.length;i++)o[i].style.display=\"none\";for(i=0;i<a.length;i++)s=a[i],e.source===s.contentWindow&&(s.removeAttribute(\"style\"),\"height\"===t.message?(1e3<(r=parseInt(t.value,10))?r=1e3:~~r<200&&(r=200),s.height=r):\"link\"===t.message&&(r=new URL(s.getAttribute(\"src\")),n=new URL(t.value),c.test(n.protocol))&&n.host===r.host&&l.activeElement===s&&(d.top.location.href=t.value))}},d.addEventListener(\"message\",d.wp.receiveEmbedMessage,!1),l.addEventListener(\"DOMContentLoaded\",function(){for(var e,t,s=l.querySelectorAll(\"iframe.wp-embedded-content\"),r=0;r<s.length;r++)(t=(e=s[r]).getAttribute(\"data-secret\"))||(t=Math.random().toString(36).substring(2,12),e.src+=\"#?secret=\"+t,e.setAttribute(\"data-secret\",t)),e.contentWindow.postMessage({message:\"ready\",secret:t},\"*\")},!1)))}(window,document);\n\/\/# sourceURL=https:\/\/www.daniellespera.at\/wp-includes\/js\/wp-embed.min.js\n<\/script>","thumbnail_url":"https:\/\/www.daniellespera.at\/wp-content\/uploads\/2023\/01\/IMG_1629-1-scaled.jpg","thumbnail_width":1920,"thumbnail_height":2560,"description":"Jede zweite Woche l\u00e4dt die ORF Journalistin und Talkmoderatorin auf Radio Burgenland mit G\u00e4sten \u00fcber ihre Lieblingsb\u00fccher. Wie haben diese B\u00fccher ihr Leben beeinflusst, welche literarischen stellen haben sie besonders ber\u00fchrt. In der Sendung vom 21. J\u00e4nner durfte ich zu Gast sein.\u00a0 Dank der ausgezeichneten Vorbereitung meiner Gastgeberin schienen die drei Stunden der Sendung besonders [&hellip;]"}

Jede zweite Woche lädt die ORF Journalistin und Talkmoderatorin auf Radio Burgenland mit Gästen über ihre Lieblingsbücher. Wie haben diese Bücher ihr Leben beeinflusst, welche literarischen stellen haben sie besonders berührt. In der Sendung vom 21. Jänner durfte ich zu Gast sein.  Dank der ausgezeichneten Vorbereitung meiner Gastgeberin schienen die drei Stunden der Sendung besonders [&hellip;]
