{"version":"1.0","provider_name":"Danielle Spera","provider_url":"https:\/\/www.daniellespera.at\/en","title":"Danielle Spera - Neue Aufgabe im Zukunftsfonds","type":"rich","width":600,"height":338,"html":"<blockquote class=\"wp-embedded-content\" data-secret=\"SMWAClH4Zb\"><a href=\"https:\/\/www.daniellespera.at\/en\/neue-aufgabe-im-zukunftsfonds\/\">Neue Aufgabe im Zukunftsfonds<\/a><\/blockquote><iframe sandbox=\"allow-scripts\" security=\"restricted\" src=\"https:\/\/www.daniellespera.at\/en\/neue-aufgabe-im-zukunftsfonds\/embed\/#?secret=SMWAClH4Zb\" width=\"600\" height=\"338\" title=\"&#8220;Neue Aufgabe im Zukunftsfonds&#8221; &#8212; Danielle Spera\" data-secret=\"SMWAClH4Zb\" frameborder=\"0\" marginwidth=\"0\" marginheight=\"0\" scrolling=\"no\" class=\"wp-embedded-content\"><\/iframe><script>\n\/*! This file is auto-generated *\/\n!function(d,l){\"use strict\";l.querySelector&&d.addEventListener&&\"undefined\"!=typeof URL&&(d.wp=d.wp||{},d.wp.receiveEmbedMessage||(d.wp.receiveEmbedMessage=function(e){var t=e.data;if((t||t.secret||t.message||t.value)&&!\/[^a-zA-Z0-9]\/.test(t.secret)){for(var s,r,n,a=l.querySelectorAll('iframe[data-secret=\"'+t.secret+'\"]'),o=l.querySelectorAll('blockquote[data-secret=\"'+t.secret+'\"]'),c=new RegExp(\"^https?:$\",\"i\"),i=0;i<o.length;i++)o[i].style.display=\"none\";for(i=0;i<a.length;i++)s=a[i],e.source===s.contentWindow&&(s.removeAttribute(\"style\"),\"height\"===t.message?(1e3<(r=parseInt(t.value,10))?r=1e3:~~r<200&&(r=200),s.height=r):\"link\"===t.message&&(r=new URL(s.getAttribute(\"src\")),n=new URL(t.value),c.test(n.protocol))&&n.host===r.host&&l.activeElement===s&&(d.top.location.href=t.value))}},d.addEventListener(\"message\",d.wp.receiveEmbedMessage,!1),l.addEventListener(\"DOMContentLoaded\",function(){for(var e,t,s=l.querySelectorAll(\"iframe.wp-embedded-content\"),r=0;r<s.length;r++)(t=(e=s[r]).getAttribute(\"data-secret\"))||(t=Math.random().toString(36).substring(2,12),e.src+=\"#?secret=\"+t,e.setAttribute(\"data-secret\",t)),e.contentWindow.postMessage({message:\"ready\",secret:t},\"*\")},!1)))}(window,document);\n\/\/# sourceURL=https:\/\/www.daniellespera.at\/wp-includes\/js\/wp-embed.min.js\n<\/script>","thumbnail_url":"https:\/\/www.daniellespera.at\/wp-content\/uploads\/2023\/03\/Danielle_Spera_c_Sima-Prodinger-2-scaled-e1679927897350.jpg","thumbnail_width":1695,"thumbnail_height":1446,"description":"Nachdem ich im J\u00e4nner 2023 vom Kuratorium des Zukunftsfonds als neues Mitglied des Projektf\u00f6rderungsbeirates nominiert wurde, fand im April die erste Sitzung statt, an der ich teilnehmen durfte. Der Projektf\u00f6rderungsbeirat besteht nunmehr aus Univ.-Prof.in\u00a0Dr.in\u00a0Margarete Grandner, Univ.-Prof. Dr. Robert Pfaller, Univ.-Prof. Dr. Manfried Rauchensteiner und mir. Ich bin dankbar, dass ich mit meiner Expertise und Professionalit\u00e4t [&hellip;]"}

Nachdem ich im Jänner 2023 vom Kuratorium des Zukunftsfonds als neues Mitglied des Projektförderungsbeirates nominiert wurde, fand im April die erste Sitzung statt, an der ich teilnehmen durfte. Der Projektförderungsbeirat besteht nunmehr aus Univ.-Prof.in Dr.in Margarete Grandner, Univ.-Prof. Dr. Robert Pfaller, Univ.-Prof. Dr. Manfried Rauchensteiner und mir. Ich bin dankbar, dass ich mit meiner Expertise und Professionalität [&hellip;]
