{"version":"1.0","provider_name":"Danielle Spera","provider_url":"https:\/\/www.daniellespera.at\/en","title":"Danielle Spera - Nieder\u00f6sterreichische Kulturpreise 2023","type":"rich","width":600,"height":338,"html":"<blockquote class=\"wp-embedded-content\" data-secret=\"MnFtbZkiOc\"><a href=\"https:\/\/www.daniellespera.at\/en\/niederosterreichische-kulturpreise-2023\/\">Nieder\u00f6sterreichische Kulturpreise 2023<\/a><\/blockquote><iframe sandbox=\"allow-scripts\" security=\"restricted\" src=\"https:\/\/www.daniellespera.at\/en\/niederosterreichische-kulturpreise-2023\/embed\/#?secret=MnFtbZkiOc\" width=\"600\" height=\"338\" title=\"&#8220;Nieder\u00f6sterreichische Kulturpreise 2023&#8221; &#8212; Danielle Spera\" data-secret=\"MnFtbZkiOc\" frameborder=\"0\" marginwidth=\"0\" marginheight=\"0\" scrolling=\"no\" class=\"wp-embedded-content\"><\/iframe><script>\n\/*! This file is auto-generated *\/\n!function(d,l){\"use strict\";l.querySelector&&d.addEventListener&&\"undefined\"!=typeof URL&&(d.wp=d.wp||{},d.wp.receiveEmbedMessage||(d.wp.receiveEmbedMessage=function(e){var t=e.data;if((t||t.secret||t.message||t.value)&&!\/[^a-zA-Z0-9]\/.test(t.secret)){for(var s,r,n,a=l.querySelectorAll('iframe[data-secret=\"'+t.secret+'\"]'),o=l.querySelectorAll('blockquote[data-secret=\"'+t.secret+'\"]'),c=new RegExp(\"^https?:$\",\"i\"),i=0;i<o.length;i++)o[i].style.display=\"none\";for(i=0;i<a.length;i++)s=a[i],e.source===s.contentWindow&&(s.removeAttribute(\"style\"),\"height\"===t.message?(1e3<(r=parseInt(t.value,10))?r=1e3:~~r<200&&(r=200),s.height=r):\"link\"===t.message&&(r=new URL(s.getAttribute(\"src\")),n=new URL(t.value),c.test(n.protocol))&&n.host===r.host&&l.activeElement===s&&(d.top.location.href=t.value))}},d.addEventListener(\"message\",d.wp.receiveEmbedMessage,!1),l.addEventListener(\"DOMContentLoaded\",function(){for(var e,t,s=l.querySelectorAll(\"iframe.wp-embedded-content\"),r=0;r<s.length;r++)(t=(e=s[r]).getAttribute(\"data-secret\"))||(t=Math.random().toString(36).substring(2,12),e.src+=\"#?secret=\"+t,e.setAttribute(\"data-secret\",t)),e.contentWindow.postMessage({message:\"ready\",secret:t},\"*\")},!1)))}(window,document);\n\/\/# sourceURL=https:\/\/www.daniellespera.at\/wp-includes\/js\/wp-embed.min.js\n<\/script>","thumbnail_url":"https:\/\/www.daniellespera.at\/wp-content\/uploads\/2023\/11\/NOe-Kulturpreis-scaled-e1699361392935.jpg","thumbnail_width":2560,"thumbnail_height":1757,"description":"In der nieder\u00f6sterreichischen Landeshauptstadt St. P\u00f6lten wurden zum 63. Mal die Kulturpreise des Landes vergeben. Ausgezeichnet werden K\u00fcnstlerinnen und K\u00fcnstler aus den verschiedensten Sparten, die die ganze Bandbreite der Kreativit\u00e4t abbilden. Es war mir eine gro\u00dfe Ehre, dass ich auf Einladung von Landeshauptfrau Mikl-Leitner die Festrede halten durfte. Hier ein Einblick: https:\/\/www.daniellespera.at\/wp-content\/uploads\/2023\/11\/Kulturpreise-NOe.mp4"}

Danielle Spera - Niederösterreichische Kulturpreise 2023

<blockquote class="wp-embedded-content" data-secret="MnFtbZkiOc"><a href="https://www.daniellespera.at/en/niederosterreichische-kulturpreise-2023/">Niederösterreichische Kulturpreise 2023</a></blockquote><iframe sandbox="allow-scripts" security="restricted" src="https://www.daniellespera.at/en/niederosterreichische-kulturpreise-2023/embed/#?secret=MnFtbZkiOc" width="600" height="338" title="&#8220;Niederösterreichische Kulturpreise 2023&#8221; &#8212; Danielle Spera" data-secret="MnFtbZkiOc" frameborder="0" marginwidth="0" marginheight="0" scrolling="no" class="wp-embedded-content"></iframe><script>
/*! This file is auto-generated */
!function(d,l){"use strict";l.querySelector&&d.addEventListener&&"undefined"!=typeof URL&&(d.wp=d.wp||{},d.wp.receiveEmbedMessage||(d.wp.receiveEmbedMessage=function(e){var t=e.data;if((t||t.secret||t.message||t.value)&&!/[^a-zA-Z0-9]/.test(t.secret)){for(var s,r,n,a=l.querySelectorAll('iframe[data-secret="'+t.secret+'"]'),o=l.querySelectorAll('blockquote[data-secret="'+t.secret+'"]'),c=new RegExp("^https?:$","i"),i=0;i<o.length;i++)o[i].style.display="none";for(i=0;i<a.length;i++)s=a[i],e.source===s.contentWindow&&(s.removeAttribute("style"),"height"===t.message?(1e3<(r=parseInt(t.value,10))?r=1e3:~~r<200&&(r=200),s.height=r):"link"===t.message&&(r=new URL(s.getAttribute("src")),n=new URL(t.value),c.test(n.protocol))&&n.host===r.host&&l.activeElement===s&&(d.top.location.href=t.value))}},d.addEventListener("message",d.wp.receiveEmbedMessage,!1),l.addEventListener("DOMContentLoaded",function(){for(var e,t,s=l.querySelectorAll("iframe.wp-embedded-content"),r=0;r<s.length;r++)(t=(e=s[r]).getAttribute("data-secret"))||(t=Math.random().toString(36).substring(2,12),e.src+="#?secret="+t,e.setAttribute("data-secret",t)),e.contentWindow.postMessage({message:"ready",secret:t},"*")},!1)))}(window,document);
//# sourceURL=https://www.daniellespera.at/wp-includes/js/wp-embed.min.js
</script>

In der niederösterreichischen Landeshauptstadt St. Pölten wurden zum 63. Mal die Kulturpreise des Landes vergeben. Ausgezeichnet werden Künstlerinnen und Künstler aus den verschiedensten Sparten, die die ganze Bandbreite der Kreativität abbilden. Es war mir eine große Ehre, dass ich auf Einladung von Landeshauptfrau Mikl-Leitner die Festrede halten durfte. Hier ein Einblick: https://www.daniellespera.at/wp-content/uploads/2023/11/Kulturpreise-NOe.mp4
