{"version":"1.0","provider_name":"Danielle Spera","provider_url":"https:\/\/www.daniellespera.at\/en","title":"Danielle Spera - Zu Gast bei \u201ePro und Contra\u201c \u00fcber m\u00f6gliche Waffenruhe im Gazastreifen","type":"rich","width":600,"height":338,"html":"<blockquote class=\"wp-embedded-content\" data-secret=\"7dxAkkefev\"><a href=\"https:\/\/www.daniellespera.at\/en\/waffenruhe-im-gazastreifen\/\">Zu Gast bei \u201ePro und Contra\u201c \u00fcber m\u00f6gliche Waffenruhe im Gazastreifen<\/a><\/blockquote><iframe sandbox=\"allow-scripts\" security=\"restricted\" src=\"https:\/\/www.daniellespera.at\/en\/waffenruhe-im-gazastreifen\/embed\/#?secret=7dxAkkefev\" width=\"600\" height=\"338\" title=\"&#8220;Zu Gast bei \u201ePro und Contra\u201c \u00fcber m\u00f6gliche Waffenruhe im Gazastreifen&#8221; &#8212; Danielle Spera\" data-secret=\"7dxAkkefev\" frameborder=\"0\" marginwidth=\"0\" marginheight=\"0\" scrolling=\"no\" class=\"wp-embedded-content\"><\/iframe><script>\n\/*! This file is auto-generated *\/\n!function(d,l){\"use strict\";l.querySelector&&d.addEventListener&&\"undefined\"!=typeof URL&&(d.wp=d.wp||{},d.wp.receiveEmbedMessage||(d.wp.receiveEmbedMessage=function(e){var t=e.data;if((t||t.secret||t.message||t.value)&&!\/[^a-zA-Z0-9]\/.test(t.secret)){for(var s,r,n,a=l.querySelectorAll('iframe[data-secret=\"'+t.secret+'\"]'),o=l.querySelectorAll('blockquote[data-secret=\"'+t.secret+'\"]'),c=new RegExp(\"^https?:$\",\"i\"),i=0;i<o.length;i++)o[i].style.display=\"none\";for(i=0;i<a.length;i++)s=a[i],e.source===s.contentWindow&&(s.removeAttribute(\"style\"),\"height\"===t.message?(1e3<(r=parseInt(t.value,10))?r=1e3:~~r<200&&(r=200),s.height=r):\"link\"===t.message&&(r=new URL(s.getAttribute(\"src\")),n=new URL(t.value),c.test(n.protocol))&&n.host===r.host&&l.activeElement===s&&(d.top.location.href=t.value))}},d.addEventListener(\"message\",d.wp.receiveEmbedMessage,!1),l.addEventListener(\"DOMContentLoaded\",function(){for(var e,t,s=l.querySelectorAll(\"iframe.wp-embedded-content\"),r=0;r<s.length;r++)(t=(e=s[r]).getAttribute(\"data-secret\"))||(t=Math.random().toString(36).substring(2,12),e.src+=\"#?secret=\"+t,e.setAttribute(\"data-secret\",t)),e.contentWindow.postMessage({message:\"ready\",secret:t},\"*\")},!1)))}(window,document);\n\/\/# sourceURL=https:\/\/www.daniellespera.at\/wp-includes\/js\/wp-embed.min.js\n<\/script>","thumbnail_url":"https:\/\/www.daniellespera.at\/wp-content\/uploads\/2024\/04\/pc.png","thumbnail_width":605,"thumbnail_height":340,"description":"Zur aktuellen Lage in Israel diskutierte ich in Pro und Contra bei Puls4.\u00a0Man darf die Ereignisse des 7. Oktober, das brutale Massaker der Hamas, einer Terrororganisation, nicht negieren!\u00a0 Die Hamas missbraucht die eigene Bev\u00f6lkerung als Schutzschild. Die Hamas k\u00f6nnte den Krieg sofort beenden! Seit \u00fcber 6 Monaten sind immer noch israelische Kinder, Frauen, alte Menschen [&hellip;]"}

Danielle Spera - Zu Gast bei „Pro und Contra“ über mögliche Waffenruhe im Gazastreifen

<blockquote class="wp-embedded-content" data-secret="7dxAkkefev"><a href="https://www.daniellespera.at/en/waffenruhe-im-gazastreifen/">Zu Gast bei „Pro und Contra“ über mögliche Waffenruhe im Gazastreifen</a></blockquote><iframe sandbox="allow-scripts" security="restricted" src="https://www.daniellespera.at/en/waffenruhe-im-gazastreifen/embed/#?secret=7dxAkkefev" width="600" height="338" title="&#8220;Zu Gast bei „Pro und Contra“ über mögliche Waffenruhe im Gazastreifen&#8221; &#8212; Danielle Spera" data-secret="7dxAkkefev" frameborder="0" marginwidth="0" marginheight="0" scrolling="no" class="wp-embedded-content"></iframe><script>
/*! This file is auto-generated */
!function(d,l){"use strict";l.querySelector&&d.addEventListener&&"undefined"!=typeof URL&&(d.wp=d.wp||{},d.wp.receiveEmbedMessage||(d.wp.receiveEmbedMessage=function(e){var t=e.data;if((t||t.secret||t.message||t.value)&&!/[^a-zA-Z0-9]/.test(t.secret)){for(var s,r,n,a=l.querySelectorAll('iframe[data-secret="'+t.secret+'"]'),o=l.querySelectorAll('blockquote[data-secret="'+t.secret+'"]'),c=new RegExp("^https?:$","i"),i=0;i<o.length;i++)o[i].style.display="none";for(i=0;i<a.length;i++)s=a[i],e.source===s.contentWindow&&(s.removeAttribute("style"),"height"===t.message?(1e3<(r=parseInt(t.value,10))?r=1e3:~~r<200&&(r=200),s.height=r):"link"===t.message&&(r=new URL(s.getAttribute("src")),n=new URL(t.value),c.test(n.protocol))&&n.host===r.host&&l.activeElement===s&&(d.top.location.href=t.value))}},d.addEventListener("message",d.wp.receiveEmbedMessage,!1),l.addEventListener("DOMContentLoaded",function(){for(var e,t,s=l.querySelectorAll("iframe.wp-embedded-content"),r=0;r<s.length;r++)(t=(e=s[r]).getAttribute("data-secret"))||(t=Math.random().toString(36).substring(2,12),e.src+="#?secret="+t,e.setAttribute("data-secret",t)),e.contentWindow.postMessage({message:"ready",secret:t},"*")},!1)))}(window,document);
//# sourceURL=https://www.daniellespera.at/wp-includes/js/wp-embed.min.js
</script>

Zur aktuellen Lage in Israel diskutierte ich in Pro und Contra bei Puls4. Man darf die Ereignisse des 7. Oktober, das brutale Massaker der Hamas, einer Terrororganisation, nicht negieren!  Die Hamas missbraucht die eigene Bevölkerung als Schutzschild. Die Hamas könnte den Krieg sofort beenden! Seit über 6 Monaten sind immer noch israelische Kinder, Frauen, alte Menschen [&hellip;]
